A RetroSearch Logo

Home - News ( United States | United Kingdom | Italy | Germany ) - Football scores

Search Query:

Showing content from https://cran.r-project.org/web/packages/rms/../sMSROC/../../checks/check_results_sMSROC.html below:

CRAN Package Check Results for Package sMSROC

Last updated on 2025-07-12 07:48:36 CEST.

Flavor Version Tinstall Tcheck Ttotal Status Flags r-devel-linux-x86_64-debian-clang 0.1.2 14.33 122.95 137.28 NOTE r-devel-linux-x86_64-debian-gcc 0.1.2 8.53 86.89 95.42 NOTE r-devel-linux-x86_64-fedora-clang 0.1.2 212.19 OK r-devel-linux-x86_64-fedora-gcc 0.1.2 203.05 OK r-devel-windows-x86_64 0.1.2 17.00 122.00 139.00 NOTE r-patched-linux-x86_64 0.1.2 12.90 114.33 127.23 NOTE r-release-linux-x86_64 0.1.2 12.57 114.90 127.47 NOTE r-release-macos-arm64 0.1.2 55.00 OK r-release-macos-x86_64 0.1.2 99.00 OK r-release-windows-x86_64 0.1.2 16.00 124.00 140.00 NOTE r-oldrel-macos-arm64 0.1.2 57.00 OK r-oldrel-macos-x86_64 0.1.2 87.00 OK r-oldrel-windows-x86_64 0.1.2 23.00 159.00 182.00 OK Check Details

Version: 0.1.2
Check: Rd cross-references
Result: NOTE Found the following Rd file(s) with Rd \link{} targets missing package anchors: evol_auc.Rd: ggplot explore_table.Rd: flextable probs_pred.Rd: ggplot sMSROC_plot.Rd: plotROC Please provide package anchors for all Rd \link{} targets not in the package itself and the base packages. Flavors: r-devel-linux-x86_64-debian-clang, r-devel-linux-x86_64-debian-gcc, r-devel-windows-x86_64, r-patched-linux-x86_64, r-release-linux-x86_64, r-release-windows-x86_64


RetroSearch is an open source project built by @garambo | Open a GitHub Issue

Search and Browse the WWW like it's 1997 | Search results from DuckDuckGo

HTML: 3.2 | Encoding: UTF-8 | Version: 0.7.4