A RetroSearch Logo

Home - News ( United States | United Kingdom | Italy | Germany ) - Football scores

Search Query:

Showing content from http://cran.rstudio.com/web/packages/usethis/../precommit/../../checks/check_results_precommit.html below:

CRAN Package Check Results for Package precommit

Last updated on 2025-07-12 11:48:33 CEST.

Flavor Version Tinstall Tcheck Ttotal Status Flags r-devel-linux-x86_64-debian-clang 0.4.3 3.36 241.60 244.96 NOTE r-devel-linux-x86_64-debian-gcc 0.4.3 2.40 177.82 180.22 NOTE r-devel-linux-x86_64-fedora-clang 0.4.3 402.73 OK r-devel-linux-x86_64-fedora-gcc 0.4.3 376.49 OK r-devel-windows-x86_64 0.4.3 31.00 478.00 509.00 OK r-patched-linux-x86_64 0.4.3 4.31 232.14 236.45 OK r-release-linux-x86_64 0.4.3 3.52 228.97 232.49 OK r-release-macos-arm64 0.4.3 120.00 OK r-release-macos-x86_64 0.4.3 229.00 OK r-release-windows-x86_64 0.4.3 32.00 460.00 492.00 OK r-oldrel-macos-arm64 0.4.3 105.00 OK r-oldrel-macos-x86_64 0.4.3 297.00 OK r-oldrel-windows-x86_64 0.4.3 19.00 332.00 351.00 OK Check Details

Version: 0.4.3
Check: CRAN incoming feasibility
Result: NOTE Maintainer: ‘Lorenz Walthert <lorenz.walthert@icloud.com>’ No Authors@R field in DESCRIPTION. Please add one, modifying Authors@R: person(given = "Lorenz", family = "Walthert", role = c("aut", "cre"), email = "lorenz.walthert@icloud.com") as necessary. Flavors: r-devel-linux-x86_64-debian-clang, r-devel-linux-x86_64-debian-gcc


RetroSearch is an open source project built by @garambo | Open a GitHub Issue

Search and Browse the WWW like it's 1997 | Search results from DuckDuckGo

HTML: 3.2 | Encoding: UTF-8 | Version: 0.7.4