A RetroSearch Logo

Home - News ( United States | United Kingdom | Italy | Germany ) - Football scores

Search Query:

Showing content from http://cran.rstudio.com/web/packages/rlang/../tidycode/../../checks/check_results_tidycode.html below:

CRAN Package Check Results for Package tidycode

Last updated on 2025-07-12 10:48:42 CEST.

Flavor Version Tinstall Tcheck Ttotal Status Flags r-devel-linux-x86_64-debian-clang 0.1.1 3.08 37.38 40.46 OK r-devel-linux-x86_64-debian-gcc 0.1.1 2.10 29.32 31.42 OK r-devel-linux-x86_64-fedora-clang 0.1.1 59.62 OK r-devel-linux-x86_64-fedora-gcc 0.1.1 69.76 OK r-devel-windows-x86_64 0.1.1 5.00 58.00 63.00 OK r-patched-linux-x86_64 0.1.1 3.14 34.23 37.37 OK r-release-linux-x86_64 0.1.1 2.73 34.27 37.00 OK r-release-macos-arm64 0.1.1 27.00 OK r-release-macos-x86_64 0.1.1 46.00 OK r-release-windows-x86_64 0.1.1 5.00 56.00 61.00 OK r-oldrel-macos-arm64 0.1.1 27.00 NOTE r-oldrel-macos-x86_64 0.1.1 42.00 NOTE r-oldrel-windows-x86_64 0.1.1 5.00 68.00 73.00 NOTE Check Details

Version: 0.1.1
Check: LazyData
Result: NOTE 'LazyData' is specified without a 'data' directory Flavors: r-oldrel-macos-arm64, r-oldrel-macos-x86_64, r-oldrel-windows-x86_64


RetroSearch is an open source project built by @garambo | Open a GitHub Issue

Search and Browse the WWW like it's 1997 | Search results from DuckDuckGo

HTML: 3.2 | Encoding: UTF-8 | Version: 0.7.4