A RetroSearch Logo

Home - News ( United States | United Kingdom | Italy | Germany ) - Football scores

Search Query:

Showing content from http://cran.rstudio.com/web/packages/rlang/../bayesplot/../../checks/check_results_bayesplot.html below:

CRAN Package Check Results for Package bayesplot

Last updated on 2025-07-12 10:48:21 CEST.

Flavor Version Tinstall Tcheck Ttotal Status Flags r-devel-linux-x86_64-debian-clang 1.13.0 12.77 426.31 439.08 OK r-devel-linux-x86_64-debian-gcc 1.13.0 10.28 266.24 276.52 OK r-devel-linux-x86_64-fedora-clang 1.13.0 697.97 OK r-devel-linux-x86_64-fedora-gcc 1.13.0 678.41 OK r-devel-windows-x86_64 1.13.0 16.00 358.00 374.00 OK r-patched-linux-x86_64 1.13.0 15.11 403.09 418.20 OK r-release-linux-x86_64 1.13.0 11.29 399.82 411.11 OK r-release-macos-arm64 1.13.0 166.00 OK r-release-macos-x86_64 1.13.0 362.00 OK r-release-windows-x86_64 1.13.0 16.00 363.00 379.00 OK r-oldrel-macos-arm64 1.13.0 174.00 NOTE r-oldrel-macos-x86_64 1.13.0 403.00 NOTE r-oldrel-windows-x86_64 1.13.0 23.00 509.00 532.00 NOTE Check Details

Version: 1.13.0
Check: installed package size
Result: NOTE installed size is 6.6Mb sub-directories of 1Mb or more: R 1.9Mb doc 4.0Mb Flavors: r-oldrel-macos-arm64, r-oldrel-macos-x86_64, r-oldrel-windows-x86_64


RetroSearch is an open source project built by @garambo | Open a GitHub Issue

Search and Browse the WWW like it's 1997 | Search results from DuckDuckGo

HTML: 3.2 | Encoding: UTF-8 | Version: 0.7.4