A RetroSearch Logo

Home - News ( United States | United Kingdom | Italy | Germany ) - Football scores

Search Query:

Showing content from http://cran.rstudio.com/web/packages/cowplot/../tinyarray/../../checks/check_results_tinyarray.html below:

CRAN Package Check Results for Package tinyarray

Last updated on 2025-07-12 07:48:38 CEST.

Flavor Version Tinstall Tcheck Ttotal Status Flags r-devel-linux-x86_64-debian-clang 2.4.3 36.00 307.22 343.22 OK r-devel-linux-x86_64-debian-gcc 2.4.3 24.26 212.61 236.87 OK r-devel-linux-x86_64-fedora-clang 2.4.3 528.04 OK r-devel-linux-x86_64-fedora-gcc 2.4.3 515.02 OK r-devel-windows-x86_64 2.4.3 36.00 303.00 339.00 OK r-patched-linux-x86_64 2.4.3 37.45 296.32 333.77 OK r-release-linux-x86_64 2.4.3 32.35 291.98 324.33 OK r-release-macos-arm64 2.4.3 134.00 OK r-release-macos-x86_64 2.4.3 172.00 OK r-release-windows-x86_64 2.4.3 36.00 300.00 336.00 OK r-oldrel-macos-arm64 2.4.3 96.00 NOTE r-oldrel-macos-x86_64 2.4.3 197.00 OK r-oldrel-windows-x86_64 2.4.3 50.00 399.00 449.00 OK Check Details

Version: 2.4.3
Check: package dependencies
Result: NOTE Packages suggested but not available for checking: 'org.Rn.eg.db', 'org.Mm.eg.db' Flavor: r-oldrel-macos-arm64


RetroSearch is an open source project built by @garambo | Open a GitHub Issue

Search and Browse the WWW like it's 1997 | Search results from DuckDuckGo

HTML: 3.2 | Encoding: UTF-8 | Version: 0.7.4